*r - 48 + s. Suppose 2*u = -4*m + r, 0 = 8*u - 9*u - 3*m + 34. Is u a composite number?
False
Is 3/((-9)/(-7401))*(-1716)/(-132) a composite number?
True
Suppose 0*f = -4*f + 5*r + 2333480, 5*r = -2*f + 1166710. Is 2 + (-40)/18 - f/(-135) a composite number?
True
Let d = -61652 - -86671. Is d a composite number?
True
Suppose -32*b + 1505601 + 1328007 = -8*b. Is b composite?
True
Let z = 387 - 347. Suppose -53*u = -z*u - 135109. Is u a prime number?
False
Suppose -3*f - 4*r + 74701 = 0, f + r - 12156 = 12746. Is f prime?
True
Suppose -j - 2*y - 5 = -4*y, 3*j + 4*y - 35 = 0. Suppose j*z - 24498 = -13*z. Is z a composite number?
False
Let g(f) be the second derivative of 79*f**3/6 + 9*f**2 - 14*f. Let d be g(-7). Let z = d - -1562. Is z a prime number?
False
Let a(n) = -168*n - 71. Let u be a(-23). Suppose 3*c = -u - 2639. Let t = 5086 + c. Is t prime?
False
Let f(i) = -3488*i - 253. Is f(-24) a composite number?
False
Suppose 4*a = 2*a + 12246. Let i = a + 525. Suppose 0*m = -8*m + i. Is m prime?
False
Is 3*(-424766)/(60/12 - 44/4) prime?
True
Let s(m) = 25*m**3 - 15*m**2 - 30*m + 181. Is s(6) prime?
True
Let h = 5240 - -5134. Suppose -7765 = -3*r - 4*f, 5*f + h = 7*r - 3*r. Is r composite?
False
Let h(s) = 18*s**2 - 97*s + 1904. Is h(25) composite?
False
Let t be (8/4)/((24/(-2427))/(-4)). Let a = 3072 + t. Is a prime?
True
Suppose -2445 = -3*r - 3*l, 5*r - 1813 = -4*l + 2262. Let a(y) = 22*y**2 - 43*y + 31. Let g be a(5). Let h = g + r. Is h composite?
False
Let o(u) = -48*u**3 - 207*u**2 + 40*u - 21. Is o(-22) a composite number?
True
Let w be (2 + -1 + (-8550)/4)*2. Let n = 11460 + w. Is n a composite number?
False
Let x = -293 + 293. Is (-4)/1 + (481 - (x + -8)) a prime number?
False
Let k = -65 - -69. Suppose 3*q - 18 = -6, k*f - 4204 = 4*q. Is f prime?
False
Suppose 640 = 2*l - 1870. Is l composite?
True
Let d(i) = 7249*i + 6. Let z be 2/10 - 24/(-30). Is d(z) a prime number?
False
Let d(m) = -62*m + 169. Is d(-24) a prime number?
True
Is ((-795051)/(-15))/(52/260) a prime number?
False
Let a(b) = b**3 - 7*b**2 - 9*b + 10. Let d be a(8). Suppose 0 = -f + 2*f - 618. Suppose d*g + 0*g - 4*c = f, 2*c - 642 = -2*g. Is g composite?
False
Let i be (-25168)/(-726) + (2/3)/2. Suppose -4*g + i*d = 40*d - 2971, -5*g + 3755 = -2*d. Is g a composite number?
True
Is (-2)/14 - (-174639)/322*6 composite?
True
Suppose 0 = 628*s - 582*s - 12243130. Is s composite?
True
Let t(z) = 3*z**2 + 6*z - 6*z**2 - 20 + 4*z**2 + 7*z. Let a be t(-14). Is a*5/20*659*-2 a prime number?
False
Let j = -46 + 50. Suppose j*h + 2167 = 13859. Is h composite?
True
Let v(y) = -403*y - 677. Is v(-70) a prime number?
False
Suppose -4*f = 5*h - 50 - 49, -5*f - 2*h = -111. Suppose f*s + 19822 = 366721. Is s prime?
True
Let s(x) = 108471*x + 647. Is s(8) a composite number?
True
Let h = 30113 - -17468. Is h a composite number?
False
Let p be (-60)/12 - ((-6)/(-3) + 31). Is (-3*2/3)/(p/544103) a composite number?
True
Suppose -21 = -4*o - 5*b, 5*o + 4*b - 8 - 25 = 0. Let p be o/(-15) + (-2 - 10746/(-10)). Suppose 13*c - p = 5*c. Is c prime?
False
Let g(j) = -9*j**2 + 49*j - 10. Let u be g(5). Is 7835 - (u + -9 + -7) prime?
True
Is (2*1/(-2))/((-25)/1580050*2) a prime number?
True
Suppose 46*b - 45*b - 140218 = 3*d, 0 = 4*b + 4*d - 560888. Is b composite?
False
Let w = -3 + 8. Suppose 554 = 3*k - w*p, -k - 2*p + 526 = 2*k. Is k prime?
False
Let u be (-6)/(-9)*278/(-4)*-3. Let h = u + -90. Is 8/14 + 230419/h prime?
True
Let g(c) = -46*c**3 + 7*c**2 - 121*c - 1. Is g(-8) a composite number?
False
Let h be 96356/28 - 3 - (-2)/(-7). Suppose -2*f = -140 - h. Let q = f + -936. Is q composite?
False
Let w(x) = -5*x + 27. Let o be w(5). Let k be 4*-1*(6/(-8) - o). Suppose -k*t + 3535 = -4*t. Is t prime?
False
Suppose -15*l + 17*l = 30. Let x = l + 674. Is x a prime number?
False
Let o = -351 + 349. Is (2/(8/(-4298)))/(1/o) prime?
False
Let r(f) = -29 + 14 - 5 - 78*f. Is r(-1) composite?
True
Let b(a) be the third derivative of -a**5/60 + 3*a**4/4 + 4*a**3/3 + 22*a**2. Let w be b(18). Suppose -2489 = -w*c - 465. Is c a prime number?
False
Let v(m) = -5391*m + 4377. Is v(-24) a prime number?
False
Suppose -9*x + 13*x - 32 = 0. Suppose x*g = 3375 + 5161. Is g composite?
True
Suppose 421*p = 336*p + 27186145. Is p composite?
True
Let w be 523/5 + (-60)/100. Suppose -3*g = g - w. Suppose -g = m - 249. Is m prime?
True
Let u = -34321 + 84542. Is u a prime number?
True
Let i(b) = b**3 + 16*b**2 - 18*b - 29. Suppose 2*k = 3*z - 22, -2*z + z + 47 = -3*k. Let p be i(k). Is p/(-78) - (-7551)/13 composite?
True
Let z = -20166 - -34018. Let i = 20301 - z. Is i a composite number?
False
Suppose 0 = 23*a - 29*a + 166746. Suppose 5*z + 7*x - 6*x = 34732, 4*z - x = a. Is z a prime number?
True
Let z(a) = 14*a**2 - 19*a + 7. Let i = -45 + 40. Let u be z(i). Let j = u - 231. Is j a prime number?
False
Is 10/50 - (6/(-30)*7248919 - -5) composite?
False
Let i be (-527352)/(-308) + 4/(-22). Let l = 2974 - i. Is l a composite number?
True
Let u be -11*(-2)/4*26. Suppose 146*f = u*f + 5397. Is f composite?
True
Let y(a) = 11*a + 7. Let p be y(-26). Is -4 + (-2 - -1)*(p + 10) prime?
False
Let y(w) = 142*w - 8. Let p be y(6). Suppose 0 = 35*t - 31*t - p. Is t a composite number?
False
Let c(r) = -r**3 + 7*r + 12564. Let g be c(0). Let l = g + -3455. Is l composite?
False
Let d(m) = -471*m - 253. Is d(-104) a prime number?
True
Let o(j) = -j + 4. Let a be o(-5). Suppose -22*w = -455 + 367. Suppose w*t = a*t - 1855. Is t a composite number?
True
Let f(d) = -447*d + 101. Is f(-18) a prime number?
True
Let c = 86751 - 46570. Is c composite?
True
Let j(f) = -242*f**2 + 8*f + 10. Let n be j(5). Let b = -703 - n. Is b composite?
False
Is (-6)/(-4) - 6113370/(-60) a prime number?
True
Suppose -410699 = -3*v - 2*j, -3*j - 136893 = -v - 5*j. Suppose 0 = 32*z - 19*z - v. Is z a prime number?
True
Suppose -73 - 55 = 4*i. Let b = -35 - i. Is (1/b)/((-1)/249) prime?
True
Suppose -8*w - 5471 = -39255. Let c = -2530 + w. Is c a composite number?
False
Let k(l) = 36579*l**2 + 43*l - 23. Is k(-5) a composite number?
False
Let u(i) = -188*i - 4 + 230*i + 108*i + 264*i. Is u(9) composite?
True
Suppose 2*d + 12 - 5 = -5*b, d = b. Let r(z) = -2*z + z - 3564*z**3 + 0*z**2 + 0*z**2 - 2*z**2. Is r(b) prime?
False
Let v(a) = -a - 1. Let x(q) = -2*q**2 - 2*q. Let h be x(-2). Let p(u) = 9*u - 15. Let c(d) = h*v(d) + p(d). Is c(6) prime?
True
Suppose 4*n - 2*n + 5*h = 700014, 20 = 5*h. Is n a prime number?
False
Let g(l) = 5611*l**3 + 4*l**2 + 6*l - 10. Let j be g(2). Suppose -25*z + j + 99569 = 0. Is z a composite number?
False
Let a(f) = -38*f**2 - 74*f + 1. Let q be a(-9). Let r = 2972 - q. Is r a composite number?
True
Let b = 45 + -183. Is (-33994)/(-12) - 23/b composite?
False
Suppose 0*z + 2*z + 2 = 0, 0 = 3*x - 4*z - 67. Let y be 36/x - (-6)/21. Suppose 3*s + 167 = f + f, 73 = f + y*s. Is f composite?
False
Let p be (4423/(-3))/((-7)/168*4). Suppose -2*l + 7*l + 2*j + p = 0, -l + 5*j = 1753. Let b = -1061 - l. Is b composite?
True
Is (16 - (-522)/(-36)) + (-1621958)/(-4) composite?
False
Let s be ((-922)/(-6))/(((-15)/(-3249))/(-5)). Let r be (-6)/33 + s/(-11). Is r/18 + (-1)/(-2) a prime number?
False
Let b = -44076 + 105857. Is b a prime number?
True
Suppose -39549929 = -10*r - 12203079. Is r prime?
False
Suppose 5*w - 58609 = -4*d, d - 21368 - 13796 = -3*w. Let u = 7363 - w. Let i = -2599 - u. Is i a composite number?
False
Let o(l) = l**2 + 9*l - 33. Let p be o(-15). Let d = -587 + p. Let m = d - -1009. Is m a prime number?
True
Let y(r) = -r**2 + 7*r - 8. Let i be y(5). Suppose 3*a - 6*a = -2286. Suppose i*h = -4*h + a. Is h prime?
True
Suppose 464785 = 11*l + 166652. Suppose -5*i - 3*p + l = 0, 5*i + p - 27119 = 2*p. Suppose 0 = 5*m + 3*j - i, 4*m - 6*j = -11*j + 4328. Is m a prime number?
True
Suppose 4*f + 3*l + 17712 = 0, -l = 5*f - 2*l + 22140. Let h = 415 - f. Suppose d + 1207 = v - d, 4*v - h = 3*d. Is v a prime number?
True
Suppose 321*l = 666*l - 101198505. Is l a prime number?
True
Let z(t) = 138*t**2 - 482*t + 23. Is z(-41) composite?
True
Let f = -3312 - -5562. Suppose 4*v + 1964 = 2*a, 4*a + 5*v - 1652 = f. Let n = -319 + a. Is n a composite number?
False
Suppose -8*q + 2*p = 3*p - 1374909, -171868 = -q - p. Is q co